{"id":36280,"date":"2025-04-03T02:48:26","date_gmt":"2025-04-03T01:48:26","guid":{"rendered":"https:\/\/www.interlampadas.com\/lampadas\/uncategorized\/candeeiro-de-tecto-porcelana-e27-branco-nao-inclui-lampada\/"},"modified":"2026-04-30T03:02:29","modified_gmt":"2026-04-30T02:02:29","slug":"candeeiro-de-tecto-porcelana-e27-branco-nao-inclui-lampada","status":"publish","type":"product","link":"https:\/\/www.interlampadas.com\/en\/lampadas\/luminarias-2\/candeeiros-tecto-e-parede-62\/candeeiro-de-tecto-porcelana-e27-branco-nao-inclui-lampada\/","title":{"rendered":"Candeeiro de Tecto Porcelana E27 Branco (N\u00e3o inclui l\u00e2mpada)"},"content":{"rendered":"<p>Candeeiro de Tecto Porcelana E27 Branco (N\u00e3o inclui l\u00e2mpada)<br \/>  Ceiling Lamp Porcelain E27 White (lamp not included)<br \/>  Ceiling Lamp Porcelain E27 White 100x52mm 2&#215;0.75mm\u00b2-2.5mm\u00b2 CLII Max 60W Surface mounted lamp<br \/>  This retro look vintage porcelain surface-mounted lamp is suitable for mounting on both wall and ceiling. Comes with a ceramic sleeve with lampholder inside to install the lamp. Light source not included.<\/p>\n","protected":false},"excerpt":{"rendered":"<p>Candeeiro de Tecto Porcelana E27 Branco (N\u00e3o inclui l\u00e2mpada) Ceiling Lamp Porcelain E27 White (lamp not included) Ceiling Lamp Porcelain E27 White 100x52mm<\/p>\n","protected":false},"featured_media":36278,"comment_status":"open","ping_status":"closed","template":"","meta":{"_acf_changed":false},"pwb-brand":[],"product_brand":[],"product_cat":[44],"product_tag":[],"class_list":{"0":"post-36280","1":"product","2":"type-product","3":"status-publish","4":"has-post-thumbnail","6":"product_cat-candeeiros-tecto-e-parede-62","8":"first","9":"outofstock","10":"shipping-taxable","11":"purchasable","12":"product-type-simple"},"acf":[],"yoast_head":"<!-- This site is optimized with the Yoast SEO plugin v27.0 - https:\/\/yoast.com\/product\/yoast-seo-wordpress\/ -->\n<title>Candeeiro de Tecto Porcelana E27 Branco (N\u00e3o inclui l\u00e2mpada) - Lumen by Interlampadas<\/title>\n<meta name=\"description\" content=\"Candeeiro de Tecto Porcelana E27 Branco (N\u00e3o inclui l\u00e2mpada) Ceiling Lamp Porcelain E27 White (lamp not included) Ceiling Lamp Porcelain E27 White\" \/>\n<meta name=\"robots\" content=\"index, follow, max-snippet:-1, max-image-preview:large, max-video-preview:-1\" \/>\n<link rel=\"canonical\" href=\"https:\/\/www.interlampadas.com\/en\/lampadas\/luminarias-2\/candeeiros-tecto-e-parede-62\/candeeiro-de-tecto-porcelana-e27-branco-nao-inclui-lampada\/\" \/>\n<meta property=\"og:locale\" content=\"en_US\" \/>\n<meta property=\"og:type\" content=\"article\" \/>\n<meta property=\"og:title\" content=\"Candeeiro de Tecto Porcelana E27 Branco (N\u00e3o inclui l\u00e2mpada) - Lumen by Interlampadas\" \/>\n<meta property=\"og:description\" content=\"Candeeiro de Tecto Porcelana E27 Branco (N\u00e3o inclui l\u00e2mpada) Ceiling Lamp Porcelain E27 White (lamp not included) Ceiling Lamp Porcelain E27 White\" \/>\n<meta property=\"og:url\" content=\"https:\/\/www.interlampadas.com\/en\/lampadas\/luminarias-2\/candeeiros-tecto-e-parede-62\/candeeiro-de-tecto-porcelana-e27-branco-nao-inclui-lampada\/\" \/>\n<meta property=\"og:site_name\" content=\"Lumen by Interlampadas\" \/>\n<meta property=\"article:publisher\" content=\"https:\/\/www.facebook.com\/interlampadas\" \/>\n<meta property=\"article:modified_time\" content=\"2026-04-30T02:02:29+00:00\" \/>\n<meta property=\"og:image\" content=\"https:\/\/www.interlampadas.com\/wp-content\/uploads\/2025\/04\/16855.jpg\" \/>\n\t<meta property=\"og:image:width\" content=\"800\" \/>\n\t<meta property=\"og:image:height\" content=\"533\" \/>\n\t<meta property=\"og:image:type\" content=\"image\/jpeg\" \/>\n<meta name=\"twitter:card\" content=\"summary_large_image\" \/>\n<script type=\"application\/ld+json\" class=\"yoast-schema-graph\">{\"@context\":\"https:\/\/schema.org\",\"@graph\":[{\"@type\":\"WebPage\",\"@id\":\"https:\/\/www.interlampadas.com\/en\/lampadas\/luminarias-2\/candeeiros-tecto-e-parede-62\/candeeiro-de-tecto-porcelana-e27-branco-nao-inclui-lampada\/\",\"url\":\"https:\/\/www.interlampadas.com\/en\/lampadas\/luminarias-2\/candeeiros-tecto-e-parede-62\/candeeiro-de-tecto-porcelana-e27-branco-nao-inclui-lampada\/\",\"name\":\"Candeeiro de Tecto Porcelana E27 Branco (N\u00e3o inclui l\u00e2mpada) - Lumen by Interlampadas\",\"isPartOf\":{\"@id\":\"https:\/\/www.interlampadas.com\/#website\"},\"primaryImageOfPage\":{\"@id\":\"https:\/\/www.interlampadas.com\/en\/lampadas\/luminarias-2\/candeeiros-tecto-e-parede-62\/candeeiro-de-tecto-porcelana-e27-branco-nao-inclui-lampada\/#primaryimage\"},\"image\":{\"@id\":\"https:\/\/www.interlampadas.com\/en\/lampadas\/luminarias-2\/candeeiros-tecto-e-parede-62\/candeeiro-de-tecto-porcelana-e27-branco-nao-inclui-lampada\/#primaryimage\"},\"thumbnailUrl\":\"https:\/\/www.interlampadas.com\/wp-content\/uploads\/2025\/04\/16855.jpg\",\"datePublished\":\"2025-04-03T01:48:26+00:00\",\"dateModified\":\"2026-04-30T02:02:29+00:00\",\"description\":\"Candeeiro de Tecto Porcelana E27 Branco (N\u00e3o inclui l\u00e2mpada) Ceiling Lamp Porcelain E27 White (lamp not included) Ceiling Lamp Porcelain E27 White\",\"breadcrumb\":{\"@id\":\"https:\/\/www.interlampadas.com\/en\/lampadas\/luminarias-2\/candeeiros-tecto-e-parede-62\/candeeiro-de-tecto-porcelana-e27-branco-nao-inclui-lampada\/#breadcrumb\"},\"inLanguage\":\"en-US\",\"potentialAction\":[{\"@type\":\"ReadAction\",\"target\":[\"https:\/\/www.interlampadas.com\/en\/lampadas\/luminarias-2\/candeeiros-tecto-e-parede-62\/candeeiro-de-tecto-porcelana-e27-branco-nao-inclui-lampada\/\"]}]},{\"@type\":\"ImageObject\",\"inLanguage\":\"en-US\",\"@id\":\"https:\/\/www.interlampadas.com\/en\/lampadas\/luminarias-2\/candeeiros-tecto-e-parede-62\/candeeiro-de-tecto-porcelana-e27-branco-nao-inclui-lampada\/#primaryimage\",\"url\":\"https:\/\/www.interlampadas.com\/wp-content\/uploads\/2025\/04\/16855.jpg\",\"contentUrl\":\"https:\/\/www.interlampadas.com\/wp-content\/uploads\/2025\/04\/16855.jpg\",\"width\":800,\"height\":533,\"caption\":\"Candeeiro de Tecto Porcelana E27 Branco (N\u00e3o inclui l\u00e2mpada)\"},{\"@type\":\"BreadcrumbList\",\"@id\":\"https:\/\/www.interlampadas.com\/en\/lampadas\/luminarias-2\/candeeiros-tecto-e-parede-62\/candeeiro-de-tecto-porcelana-e27-branco-nao-inclui-lampada\/#breadcrumb\",\"itemListElement\":[{\"@type\":\"ListItem\",\"position\":1,\"name\":\"Home\",\"item\":\"https:\/\/www.interlampadas.com\/en\/\"},{\"@type\":\"ListItem\",\"position\":2,\"name\":\"Loja\",\"item\":\"https:\/\/www.interlampadas.com\/loja\/\"},{\"@type\":\"ListItem\",\"position\":3,\"name\":\"Candeeiro de Tecto Porcelana E27 Branco (N\u00e3o inclui l\u00e2mpada)\"}]},{\"@type\":\"WebSite\",\"@id\":\"https:\/\/www.interlampadas.com\/#website\",\"url\":\"https:\/\/www.interlampadas.com\/\",\"name\":\"Lumen by Interlampadas\",\"description\":\"lampadas\",\"alternateName\":\"Interlampadas\",\"potentialAction\":[{\"@type\":\"SearchAction\",\"target\":{\"@type\":\"EntryPoint\",\"urlTemplate\":\"https:\/\/www.interlampadas.com\/?s={search_term_string}\"},\"query-input\":{\"@type\":\"PropertyValueSpecification\",\"valueRequired\":true,\"valueName\":\"search_term_string\"}}],\"inLanguage\":\"en-US\"}]}<\/script>\n<!-- \/ Yoast SEO plugin. -->","yoast_head_json":{"title":"Candeeiro de Tecto Porcelana E27 Branco (N\u00e3o inclui l\u00e2mpada) - Lumen by Interlampadas","description":"Candeeiro de Tecto Porcelana E27 Branco (N\u00e3o inclui l\u00e2mpada) Ceiling Lamp Porcelain E27 White (lamp not included) Ceiling Lamp Porcelain E27 White","robots":{"index":"index","follow":"follow","max-snippet":"max-snippet:-1","max-image-preview":"max-image-preview:large","max-video-preview":"max-video-preview:-1"},"canonical":"https:\/\/www.interlampadas.com\/en\/lampadas\/luminarias-2\/candeeiros-tecto-e-parede-62\/candeeiro-de-tecto-porcelana-e27-branco-nao-inclui-lampada\/","og_locale":"en_US","og_type":"article","og_title":"Candeeiro de Tecto Porcelana E27 Branco (N\u00e3o inclui l\u00e2mpada) - Lumen by Interlampadas","og_description":"Candeeiro de Tecto Porcelana E27 Branco (N\u00e3o inclui l\u00e2mpada) Ceiling Lamp Porcelain E27 White (lamp not included) Ceiling Lamp Porcelain E27 White","og_url":"https:\/\/www.interlampadas.com\/en\/lampadas\/luminarias-2\/candeeiros-tecto-e-parede-62\/candeeiro-de-tecto-porcelana-e27-branco-nao-inclui-lampada\/","og_site_name":"Lumen by Interlampadas","article_publisher":"https:\/\/www.facebook.com\/interlampadas","article_modified_time":"2026-04-30T02:02:29+00:00","og_image":[{"width":800,"height":533,"url":"https:\/\/www.interlampadas.com\/wp-content\/uploads\/2025\/04\/16855.jpg","type":"image\/jpeg"}],"twitter_card":"summary_large_image","schema":{"@context":"https:\/\/schema.org","@graph":[{"@type":"WebPage","@id":"https:\/\/www.interlampadas.com\/en\/lampadas\/luminarias-2\/candeeiros-tecto-e-parede-62\/candeeiro-de-tecto-porcelana-e27-branco-nao-inclui-lampada\/","url":"https:\/\/www.interlampadas.com\/en\/lampadas\/luminarias-2\/candeeiros-tecto-e-parede-62\/candeeiro-de-tecto-porcelana-e27-branco-nao-inclui-lampada\/","name":"Candeeiro de Tecto Porcelana E27 Branco (N\u00e3o inclui l\u00e2mpada) - Lumen by Interlampadas","isPartOf":{"@id":"https:\/\/www.interlampadas.com\/#website"},"primaryImageOfPage":{"@id":"https:\/\/www.interlampadas.com\/en\/lampadas\/luminarias-2\/candeeiros-tecto-e-parede-62\/candeeiro-de-tecto-porcelana-e27-branco-nao-inclui-lampada\/#primaryimage"},"image":{"@id":"https:\/\/www.interlampadas.com\/en\/lampadas\/luminarias-2\/candeeiros-tecto-e-parede-62\/candeeiro-de-tecto-porcelana-e27-branco-nao-inclui-lampada\/#primaryimage"},"thumbnailUrl":"https:\/\/www.interlampadas.com\/wp-content\/uploads\/2025\/04\/16855.jpg","datePublished":"2025-04-03T01:48:26+00:00","dateModified":"2026-04-30T02:02:29+00:00","description":"Candeeiro de Tecto Porcelana E27 Branco (N\u00e3o inclui l\u00e2mpada) Ceiling Lamp Porcelain E27 White (lamp not included) Ceiling Lamp Porcelain E27 White","breadcrumb":{"@id":"https:\/\/www.interlampadas.com\/en\/lampadas\/luminarias-2\/candeeiros-tecto-e-parede-62\/candeeiro-de-tecto-porcelana-e27-branco-nao-inclui-lampada\/#breadcrumb"},"inLanguage":"en-US","potentialAction":[{"@type":"ReadAction","target":["https:\/\/www.interlampadas.com\/en\/lampadas\/luminarias-2\/candeeiros-tecto-e-parede-62\/candeeiro-de-tecto-porcelana-e27-branco-nao-inclui-lampada\/"]}]},{"@type":"ImageObject","inLanguage":"en-US","@id":"https:\/\/www.interlampadas.com\/en\/lampadas\/luminarias-2\/candeeiros-tecto-e-parede-62\/candeeiro-de-tecto-porcelana-e27-branco-nao-inclui-lampada\/#primaryimage","url":"https:\/\/www.interlampadas.com\/wp-content\/uploads\/2025\/04\/16855.jpg","contentUrl":"https:\/\/www.interlampadas.com\/wp-content\/uploads\/2025\/04\/16855.jpg","width":800,"height":533,"caption":"Candeeiro de Tecto Porcelana E27 Branco (N\u00e3o inclui l\u00e2mpada)"},{"@type":"BreadcrumbList","@id":"https:\/\/www.interlampadas.com\/en\/lampadas\/luminarias-2\/candeeiros-tecto-e-parede-62\/candeeiro-de-tecto-porcelana-e27-branco-nao-inclui-lampada\/#breadcrumb","itemListElement":[{"@type":"ListItem","position":1,"name":"Home","item":"https:\/\/www.interlampadas.com\/en\/"},{"@type":"ListItem","position":2,"name":"Loja","item":"https:\/\/www.interlampadas.com\/loja\/"},{"@type":"ListItem","position":3,"name":"Candeeiro de Tecto Porcelana E27 Branco (N\u00e3o inclui l\u00e2mpada)"}]},{"@type":"WebSite","@id":"https:\/\/www.interlampadas.com\/#website","url":"https:\/\/www.interlampadas.com\/","name":"Lumen by Interlampadas","description":"lampadas","alternateName":"Interlampadas","potentialAction":[{"@type":"SearchAction","target":{"@type":"EntryPoint","urlTemplate":"https:\/\/www.interlampadas.com\/?s={search_term_string}"},"query-input":{"@type":"PropertyValueSpecification","valueRequired":true,"valueName":"search_term_string"}}],"inLanguage":"en-US"}]}},"brands":[],"_links":{"self":[{"href":"https:\/\/www.interlampadas.com\/en\/wp-json\/wp\/v2\/product\/36280","targetHints":{"allow":["GET"]}}],"collection":[{"href":"https:\/\/www.interlampadas.com\/en\/wp-json\/wp\/v2\/product"}],"about":[{"href":"https:\/\/www.interlampadas.com\/en\/wp-json\/wp\/v2\/types\/product"}],"replies":[{"embeddable":true,"href":"https:\/\/www.interlampadas.com\/en\/wp-json\/wp\/v2\/comments?post=36280"}],"wp:featuredmedia":[{"embeddable":true,"href":"https:\/\/www.interlampadas.com\/en\/wp-json\/wp\/v2\/media\/36278"}],"wp:attachment":[{"href":"https:\/\/www.interlampadas.com\/en\/wp-json\/wp\/v2\/media?parent=36280"}],"wp:term":[{"taxonomy":"pwb-brand","embeddable":true,"href":"https:\/\/www.interlampadas.com\/en\/wp-json\/wp\/v2\/pwb-brand?post=36280"},{"taxonomy":"product_brand","embeddable":true,"href":"https:\/\/www.interlampadas.com\/en\/wp-json\/wp\/v2\/product_brand?post=36280"},{"taxonomy":"product_cat","embeddable":true,"href":"https:\/\/www.interlampadas.com\/en\/wp-json\/wp\/v2\/product_cat?post=36280"},{"taxonomy":"product_tag","embeddable":true,"href":"https:\/\/www.interlampadas.com\/en\/wp-json\/wp\/v2\/product_tag?post=36280"}],"curies":[{"name":"wp","href":"https:\/\/api.w.org\/{rel}","templated":true}]}}

Candeeiro de Tecto Porcelana E27 Branco (Não inclui lâmpada)

<p>Candeeiro de Tecto Porcelana E27 Branco (Não inclui lâmpada)<br />  Ceiling Lamp Porcelain E27 White (lamp not included)<br />  Ceiling Lamp Porcelain E27 White 100x52mm 2&#215;0.75mm²-2.5mm² CLII Max 60W Surface mounted lamp<br />  This retro look vintage porcelain surface-mounted lamp is suitable for mounting on both wall and ceiling. Comes with a ceramic sleeve with lampholder inside to install the lamp. Light source not included.</p>

<p>Candeeiro de Tecto Porcelana E27 Branco (Não inclui lâmpada) Ceiling Lamp Porcelain E27 White (lamp not included) Ceiling Lamp Porcelain E27 White 100x52mm</p>

<!-- This site is optimized with the Yoast SEO plugin v27.0 - https://yoast.com/product/yoast-seo-wordpress/ -->
<title>Candeeiro de Tecto Porcelana E27 Branco (Não inclui lâmpada) - Lumen by Interlampadas</title>
<meta name="description" content="Candeeiro de Tecto Porcelana E27 Branco (Não inclui lâmpada) Ceiling Lamp Porcelain E27 White (lamp not included) Ceiling Lamp Porcelain E27 White" />
<meta name="robots" content="index, follow, max-snippet:-1, max-image-preview:large, max-video-preview:-1" />
<link rel="canonical" href="https://www.interlampadas.com/en/lampadas/luminarias-2/candeeiros-tecto-e-parede-62/candeeiro-de-tecto-porcelana-e27-branco-nao-inclui-lampada/" />
<meta property="og:locale" content="en_US" />
<meta property="og:type" content="article" />
<meta property="og:title" content="Candeeiro de Tecto Porcelana E27 Branco (Não inclui lâmpada) - Lumen by Interlampadas" />
<meta property="og:description" content="Candeeiro de Tecto Porcelana E27 Branco (Não inclui lâmpada) Ceiling Lamp Porcelain E27 White (lamp not included) Ceiling Lamp Porcelain E27 White" />
<meta property="og:url" content="https://www.interlampadas.com/en/lampadas/luminarias-2/candeeiros-tecto-e-parede-62/candeeiro-de-tecto-porcelana-e27-branco-nao-inclui-lampada/" />
<meta property="og:site_name" content="Lumen by Interlampadas" />
<meta property="article:publisher" content="https://www.facebook.com/interlampadas" />
<meta property="article:modified_time" content="2026-04-30T02:02:29+00:00" />
<meta property="og:image" content="https://www.interlampadas.com/wp-content/uploads/2025/04/16855.jpg" />
	<meta property="og:image:width" content="800" />
	<meta property="og:image:height" content="533" />
	<meta property="og:image:type" content="image/jpeg" />
<meta name="twitter:card" content="summary_large_image" />
<script type="application/ld+json" class="yoast-schema-graph">{"@context":"https://schema.org","@graph":[{"@type":"WebPage","@id":"https://www.interlampadas.com/en/lampadas/luminarias-2/candeeiros-tecto-e-parede-62/candeeiro-de-tecto-porcelana-e27-branco-nao-inclui-lampada/","url":"https://www.interlampadas.com/en/lampadas/luminarias-2/candeeiros-tecto-e-parede-62/candeeiro-de-tecto-porcelana-e27-branco-nao-inclui-lampada/","name":"Candeeiro de Tecto Porcelana E27 Branco (Não inclui lâmpada) - Lumen by Interlampadas","isPartOf":{"@id":"https://www.interlampadas.com/#website"},"primaryImageOfPage":{"@id":"https://www.interlampadas.com/en/lampadas/luminarias-2/candeeiros-tecto-e-parede-62/candeeiro-de-tecto-porcelana-e27-branco-nao-inclui-lampada/#primaryimage"},"image":{"@id":"https://www.interlampadas.com/en/lampadas/luminarias-2/candeeiros-tecto-e-parede-62/candeeiro-de-tecto-porcelana-e27-branco-nao-inclui-lampada/#primaryimage"},"thumbnailUrl":"https://www.interlampadas.com/wp-content/uploads/2025/04/16855.jpg","datePublished":"2025-04-03T01:48:26+00:00","dateModified":"2026-04-30T02:02:29+00:00","description":"Candeeiro de Tecto Porcelana E27 Branco (Não inclui lâmpada) Ceiling Lamp Porcelain E27 White (lamp not included) Ceiling Lamp Porcelain E27 White","breadcrumb":{"@id":"https://www.interlampadas.com/en/lampadas/luminarias-2/candeeiros-tecto-e-parede-62/candeeiro-de-tecto-porcelana-e27-branco-nao-inclui-lampada/#breadcrumb"},"inLanguage":"en-US","potentialAction":[{"@type":"ReadAction","target":["https://www.interlampadas.com/en/lampadas/luminarias-2/candeeiros-tecto-e-parede-62/candeeiro-de-tecto-porcelana-e27-branco-nao-inclui-lampada/"]}]},{"@type":"ImageObject","inLanguage":"en-US","@id":"https://www.interlampadas.com/en/lampadas/luminarias-2/candeeiros-tecto-e-parede-62/candeeiro-de-tecto-porcelana-e27-branco-nao-inclui-lampada/#primaryimage","url":"https://www.interlampadas.com/wp-content/uploads/2025/04/16855.jpg","contentUrl":"https://www.interlampadas.com/wp-content/uploads/2025/04/16855.jpg","width":800,"height":533,"caption":"Candeeiro de Tecto Porcelana E27 Branco (Não inclui lâmpada)"},{"@type":"BreadcrumbList","@id":"https://www.interlampadas.com/en/lampadas/luminarias-2/candeeiros-tecto-e-parede-62/candeeiro-de-tecto-porcelana-e27-branco-nao-inclui-lampada/#breadcrumb","itemListElement":[{"@type":"ListItem","position":1,"name":"Home","item":"https://www.interlampadas.com/en/"},{"@type":"ListItem","position":2,"name":"Loja","item":"https://www.interlampadas.com/loja/"},{"@type":"ListItem","position":3,"name":"Candeeiro de Tecto Porcelana E27 Branco (Não inclui lâmpada)"}]},{"@type":"WebSite","@id":"https://www.interlampadas.com/#website","url":"https://www.interlampadas.com/","name":"Lumen by Interlampadas","description":"lampadas","alternateName":"Interlampadas","potentialAction":[{"@type":"SearchAction","target":{"@type":"EntryPoint","urlTemplate":"https://www.interlampadas.com/?s={search_term_string}"},"query-input":{"@type":"PropertyValueSpecification","valueRequired":true,"valueName":"search_term_string"}}],"inLanguage":"en-US"}]}</script>
<!-- / Yoast SEO plugin. -->

Candeeiro de Tecto Porcelana E27 Branco (Não inclui lâmpada) - Lumen by Interlampadas

Candeeiro de Tecto Porcelana E27 Branco (Não inclui lâmpada) Ceiling Lamp Porcelain E27 White (lamp not included) Ceiling Lamp Porcelain E27 White
